 What is the remainder when h is divided by l?
14
Suppose -2*o + 56 = 2*v, -9*v + 4*v + 156 = o. Let n = 0 + 1. Suppose v = f + n. Calculate the remainder when 215 is divided by f.
29
Suppose -1133 + 107 = -6*a. Suppose -134 = -173*g + a*g. What is the remainder when 328 is divided by g?
60
Suppose -3*k + 100 = -z, k + 3*k - z = 133. Let c = -65 + 289. What is the remainder when c is divided by k?
26
Let a = 6338 - 6319. Calculate the remainder when 696 is divided by a.
12
Let l(p) = 3*p**2 - 59*p - 190. Let z be l(-3). Let s = -19 - -189. Suppose z - s = -2*f. Calculate the remainder when f is divided by 20.
18
Suppose 116*n - 37565 = 333519. Calculate the remainder when n is divided by 80.
79
Let j be 30/(-70) + 1/((-7)/(-2642)). Let m = j + -238. Calculate the remainder when m is divided by 72.
67
Let l = -765 - -2634. Suppose -17*x = 4*x - l. What is the remainder when x is divided by 46?
43
Suppose o - 11 = 1. Let h = 47862 + -47760. Calculate the remainder when h is divided by o.
6
Let i = 17 + -17. Suppose 4*m + 2 = 3*p + 19, -2*m = -3*p - 7. What is the remainder when 10 + -2 + -2 + i + m is divided by 5?
1
Let p(t) = 3*t**3 - t**2 + 21*t - 35. Let k be p(7). Suppose -k = -46*f + 4*f. Calculate the remainder when 413 is divided by f.
23
Suppose 64*t - 71*t + 553 = 0. What is the remainder when 207 is divided by t?
49
Let l(k) = -4*k**2 + 977*k - 9 - 993*k + 1. Let p be l(-8). Let y = -75 - p. Calculate the remainder when y is divided by 21.
19
Let s = -24 + 38. Suppose 0 = -s*q + 270 + 1158. Calculate the remainder when q is divided by 27.
21
Let k = 1514 - 1503. What is the remainder when 2878 is divided by k?
7
Let g = 5172 - 5104. Calculate the remainder when 241 is divided by g.
37
Let o = -25604 - -25910. What is the remainder when 3084 is divided by o?
24
Suppose 4*i - 4 = -2*j, -5*i + 20 = -0*i - 5*j. Suppose 0*y + i*y - 160 = 0. What is the remainder when y is divided by 33 - 0 - (23 + (37 - 54))?
26
Suppose 4*p - 32 = -4*o, o + 9 - 37 = -5*p. Suppose 5*k = 10, p*k - 74 = h - 313. Calculate the remainder when h is divided by 50.
49
Let l(m) = 29*m**2 + 5*m + 24. Let p be l(-8). What is the remainder when p/30*(-27)/(-4) is divided by 106?
96
Suppose -3*a = -u + 2*a + 129, 5*u - 2*a - 760 = 0. Suppose -4*r = 2*j - u, 29 + 79 = 3*r - j. What is the remainder when 107 is divided by r?
33
Let u = 193 - -2964. Calculate the remainder when u is divided by 316.
313
Let y(z) = -44*z**2 - 23*z + 5. Let x(g) = 22*g**2 + 13*g - 3. Let q(b) = -7*x(b) - 4*y(b). Calculate the remainder when q(3) is divided by 53.
43
Suppose -4*r + 13*r - 1152 = 0. Let b = r + -110. What is the remainder when b is divided by 12?
6
Suppose -10*h - 10*h = -340. Suppose 5*t = -2*c + 25, 3*t - 32 + h = -5*c. What is the remainder when 36 is divided by t?
1
Suppose -1232 = -3*o + 3*x + 1342, -5*x = -2*o + 1713. Calculate the remainder when o is divided by 417.
25
Suppose 0 = 4*z - 9*z. Suppose z = 17*r - 21*r. Suppose r*h = 2*h - 108. Calculate the remainder when h is divided by 15.
9
Let z(h) = -h**3 - 7*h**2 + 37*h + 212. Calculate the remainder when 158 is divided by z(-9).
35
Suppose 382*l - 311*l = 264475. Calculate the remainder when l is divided by 48.
29
Let x = 73 - 36. Let v = 45 - 40. Suppose 0 = 4*f + f - v*k - 90, -2*k = 3*f - 64. What is the remainder when x is divided by f?
17
Suppose -4 = -2*w - 0. Let z be (1 + (-9)/6)*(w - 2). Suppose -18*t + 10*t + 456 = z. Calculate the remainder when t is divided by 6.
3
Let v = -5146 + 5182. What is the remainder when 2767 is divided by v?
31
Let h = -3 + 6. Suppose -3032 + 832 = -25*j. Suppose 4*o - j = r, h*o + 3*r = r + 77. Calculate the remainder when o is divided by 3.
2
Let g(i) = 10*i**3 + 162*i**2 + 25*i - 101. What is the remainder when 702 is divided by g(-16)?
9
Suppose 3203 = 9*a + 890. What is the remainder when a is divided by (-1)/(-1 + 3) - (-105)/2?
49
Suppose 18*f - 13*f = -g + 175, -21*g = 4*f - 140. What is the remainder when f is divided by 6?
5
Let z be (14 + (-1)/(-1))*2/6. Suppose -7 = -z*q + 133. Suppose i = -4*k, 2*k + 10 = -2*i + q. What is the remainder when 45 is divided by i?
9
Let t = -196 + 275. Suppose n - 13 = t. Suppose 2*u = 5*b - 391, b + u = 6*u + n. What is the remainder when b is divided by 26?
25
Suppose 4*w + 22*r - 2493 = 25*r, -3*w - 3*r = -1896. Calculate the remainder when w is divided by 41.
12
Let n(j) = -j**2 - 26*j + 772. What is the remainder when 357 is divided by n(17)?
29
Let g(v) = 17*v**2 - 10*v + 1. What is the remainder when g(4) is divided by 82?
69
Suppose 0 = -5*f - 33 + 8, -2*i = 3*f - 403. What is the remainder when i is divided by 109?
100
Let g(i) = -2*i**3 + 286*i**2 - 10*i + 1438. What is the remainder when 26255 is divided by g(143)?
7
Let k(r) be the first derivative of -r**3/3 + 9*r + 2. Calculate the remainder when (((-115)/(-10) + -4)/(-2))/((-9)/72) is divided by k(0).
3
Let y(g) = -350*g + 1906. Calculate the remainder when y(-12) is divided by 197.
196
Let c = -165 - -2996. What is the remainder when c is divided by 16?
15
Suppose 310726 - 168735 = 206*l - 232929. Calculate the remainder when l is divided by 41.
16
Let d(y) = y**3 - 40*y**2 - 157*y - 54. What is the remainder when d(44) is divided by 54?
26
Suppose 4*o + l = 17, o - 4*l - 2 = -19. Suppose -4*d = -5*q + 59, -3*q = 8*d - o*d - 28. Let s = 142 - 78. What is the remainder when s is divided by q?
9
Suppose 4*p = -2*o - 342, 4*o + 6*p + 684 = 2*p. What is the remainder when 24*2*o/(-38) is divided by 57?
45
Let y(f) = 2*f**2 + 87*f - 48. Let a be y(-36). Let u = a + 704. Calculate the remainder when u is divided by 24.
20
Suppose 3*u - 65 = 292. What is the remainder when u is divided by 41?
37
Suppose -73 - 95 = -8*t. Calculate the remainder when 158 is divided by t.
11
Calculate the remainder when 498 is divided by -50*((-2)/5 - 47/470).
23
Let z be 76/20 + 12/(-15). Let g(f) = f**3 - f**2 - 2*f - 7. Let v be g(z). What is the remainder when 22 is divided by (-7 + v)*2/((-8)/10)?
2
Suppose -10 = -4*q - 66. Calculate the remainder when ((-4)/(-3))/((-4)/(-66)) is divided by (-5 + 2/q)*35/(-10).
4
Calculate the remainder when 2200/(-2750)*(2 - 74/2) is divided by 17 + 2/(-2 - 0).
12
Let b be (10/20)/((-1)/8). Calculate the remainder when (-6 - b) + 116 + 1 is divided by 40.
35
Let g be (0 + -1)*3 + 325. Let o = g + -297. What is the remainder when o is divided by (-7*1)/((-1)/2)?
11
Calculate the remainder when (289499/11 - (-6)/(-66)) + -16 + 7 is divided by 23.
20
Suppose 11*y - 2 = -2. Suppose y*i = 10*i - 30. Let g = i - -45. What is the remainder when g is divided by 7?
6
Suppose 2*s = -18*s + 900. Let j = s - 32. Calculate the remainder when 38 is divided by j.
12
Suppose 2 = x - 39. Suppose -149 + x = -3*v. What is the remainder when (36 - (109 + -72))*((-215)/3 - 4/(-6)) is divided by v?
35
What is the remainder when 749 is divided by 208/117*18/4?
5
Let l(k) = 52*k + 60. Let a be l(-7). Calculate the remainder when 211 is divided by (-16144)/a + (-2)/19.
52
Suppose 2*u + 3*g - 247 = 0, -9*u - 3*g + 366 = -6*u. What is the remainder when 221 is divided by u?
102
What is the remainder when 468 is divided by 120/180*(-285)/(-2)?
88
Let r(y) = -2*y**2 - 19*y - 24. Let b be r(-8). Suppose 9*z - 39 + 3 = b. Calculate the remainder when 10 is divided by z.
2
Suppose 0 = 8*o - 1788 + 1580. Calculate the remainder when 5978 is divided by o.
24
Let x be ((-72)/(-45) - 2) + (-34)/(-10). Suppose 3*p + v - 7 = 38, -4*p - x*v + 60 = 0. What is the remainder when 24 is divided by p?
9
Let u = -4105 - -7664. Calculate the remainder when u is divided by 36.
31
Let v(n) = -4*n + 25. Let h be v(0). Suppose -13 = -w - h. What is the remainder when 66 is divided by 3/w + (-685)/(-20)?
32
Let s = -237 + 239. What is the remainder when 43 is divided by 45/s + -6 + 33/6?
21
Let c be (-10)/(-6 + 2 + 2). Suppose -74 = -5*p + p - 5*f, -74 = -c*p + 3*f. Let b(h) = 7*h**3 + 2*h - 2. Calculate the remainder when p is divided by b(1).
2
Let c(g) = 18*g**2 - 5*g + 3. What is the remainder when 424 is divided by c(-1)?
8
Let n be 61/2 + (-5)/(-12 + 2). Let p = n - 15. What is the remainder when p is divided by 3?
1
Let m = 0 + 3. Suppose 0 = w - m*w + 194. Let k = -50442 + 50475. What is the r